{"id":10067,"date":"2026-04-15T14:19:00","date_gmt":"2026-04-15T12:19:00","guid":{"rendered":"https:\/\/freizeit-technik.de\/accesorios-para-parques-de-camas-elasticas\/"},"modified":"2026-04-15T14:19:01","modified_gmt":"2026-04-15T12:19:01","slug":"accesorios-para-parques-de-camas-elasticas","status":"publish","type":"page","link":"https:\/\/freizeit-technik.de\/es\/accesorios-para-parques-de-camas-elasticas\/","title":{"rendered":"Accesorios para parques de camas el\u00e1sticas"},"content":{"rendered":"\n<h3 class=\"wp-block-heading\">Suministramos accesorios y piezas de repuesto para todos los parques de camas el\u00e1sticas e instalaciones de camas el\u00e1sticas de uso comercial <br\/>.<\/h3>\n\n<p>Nuestro punto fuerte es la producci\u00f3n de <strong>l\u00e1minas de salto de trampol\u00edn personalizadas<\/strong>, en una amplia variedad y adaptadas con precisi\u00f3n a tu \u00e1mbito de aplicaci\u00f3n.<\/p>\n\n<p>S\u00f3lo son necesarias algunas aclaraciones para un ajuste perfecto de tu nueva <strong>colchoneta de salto<\/strong>. <br\/>Si est\u00e1s interesado, ponte en contacto con nosotros <strong><a href=\"https:\/\/freizeit-technik.de\/kontakt\/\" data-type=\"page\" data-id=\"116\">directamente<\/a><\/strong>.<\/p>\n\n<p>Tambi\u00e9n disponemos de una amplia gama de robustos <strong>muelles para camas el\u00e1sticas<\/strong> en una gran variedad de tama\u00f1os.<\/p>\n\n<p>Nuestros <strong>cubos<\/strong> especiales, fabricados individualmente con una calidad excepcional, son muy populares y garantizan un disfrute duradero y ahorran al operador un considerable esfuerzo de limpieza.  <\/p>\n\n<p>Navega por nuestra tienda para encontrar soluciones universales y piezas peque\u00f1as.  <\/p>\n\n<p>Si no encuentras lo que buscas <strong><a href=\"https:\/\/freizeit-technik.de\/kontakt\/\" data-type=\"page\" data-id=\"116\">ponte en contacto con nosotros<\/a><\/strong>.<\/p>\n\n<div class=\"wp-block-columns is-layout-flex wp-container-core-columns-is-layout-28f84493 wp-block-columns-is-layout-flex\">\n<div class=\"wp-block-column is-layout-flow wp-block-column-is-layout-flow\"><div class=\"wp-block-image\">\n<figure class=\"alignleft size-full\"><img loading=\"lazy\" decoding=\"async\" width=\"600\" height=\"600\" src=\"https:\/\/freizeit-technik.de\/wp-content\/uploads\/2025\/02\/trampolinanlagen__sprungtuch_1.jpg\" alt=\"Hojas de salto\" class=\"wp-image-5398\" srcset=\"https:\/\/freizeit-technik.de\/wp-content\/uploads\/2025\/02\/trampolinanlagen__sprungtuch_1.jpg 600w, https:\/\/freizeit-technik.de\/wp-content\/uploads\/2025\/02\/trampolinanlagen__sprungtuch_1-300x300.jpg 300w, https:\/\/freizeit-technik.de\/wp-content\/uploads\/2025\/02\/trampolinanlagen__sprungtuch_1-150x150.jpg 150w, https:\/\/freizeit-technik.de\/wp-content\/uploads\/2025\/02\/trampolinanlagen__sprungtuch_1-324x324.jpg 324w, https:\/\/freizeit-technik.de\/wp-content\/uploads\/2025\/02\/trampolinanlagen__sprungtuch_1-416x416.jpg 416w, https:\/\/freizeit-technik.de\/wp-content\/uploads\/2025\/02\/trampolinanlagen__sprungtuch_1-100x100.jpg 100w\" sizes=\"auto, (max-width: 600px) 100vw, 600px\" \/><figcaption class=\"wp-element-caption\"><strong>L\u00e1minas de salto en cama el\u00e1stica a medida<\/strong><\/figcaption><\/figure>\n<\/div><\/div>\n\n\n\n<div class=\"wp-block-column is-layout-flow wp-block-column-is-layout-flow\"><div class=\"wp-block-image\">\n<figure class=\"alignleft size-full\"><img loading=\"lazy\" decoding=\"async\" width=\"600\" height=\"600\" src=\"https:\/\/freizeit-technik.de\/wp-content\/uploads\/2025\/02\/trampolinanlagen__federn.jpg\" alt=\"\" class=\"wp-image-5396\" srcset=\"https:\/\/freizeit-technik.de\/wp-content\/uploads\/2025\/02\/trampolinanlagen__federn.jpg 600w, https:\/\/freizeit-technik.de\/wp-content\/uploads\/2025\/02\/trampolinanlagen__federn-300x300.jpg 300w, https:\/\/freizeit-technik.de\/wp-content\/uploads\/2025\/02\/trampolinanlagen__federn-150x150.jpg 150w, https:\/\/freizeit-technik.de\/wp-content\/uploads\/2025\/02\/trampolinanlagen__federn-324x324.jpg 324w, https:\/\/freizeit-technik.de\/wp-content\/uploads\/2025\/02\/trampolinanlagen__federn-416x416.jpg 416w, https:\/\/freizeit-technik.de\/wp-content\/uploads\/2025\/02\/trampolinanlagen__federn-100x100.jpg 100w\" sizes=\"auto, (max-width: 600px) 100vw, 600px\" \/><figcaption class=\"wp-element-caption\"> <strong>Muelles de trampol\u00edn<\/strong><\/figcaption><\/figure>\n<\/div><\/div>\n\n\n\n<div class=\"wp-block-column is-layout-flow wp-block-column-is-layout-flow\"><div class=\"wp-block-image\">\n<figure class=\"alignleft size-full\"><img loading=\"lazy\" decoding=\"async\" width=\"600\" height=\"600\" src=\"https:\/\/freizeit-technik.de\/wp-content\/uploads\/2025\/02\/trampolinanlagen__cubes.jpg\" alt=\"Cubos Cubos de espuma&#10;\" class=\"wp-image-5394\" srcset=\"https:\/\/freizeit-technik.de\/wp-content\/uploads\/2025\/02\/trampolinanlagen__cubes.jpg 600w, https:\/\/freizeit-technik.de\/wp-content\/uploads\/2025\/02\/trampolinanlagen__cubes-300x300.jpg 300w, https:\/\/freizeit-technik.de\/wp-content\/uploads\/2025\/02\/trampolinanlagen__cubes-150x150.jpg 150w, https:\/\/freizeit-technik.de\/wp-content\/uploads\/2025\/02\/trampolinanlagen__cubes-324x324.jpg 324w, https:\/\/freizeit-technik.de\/wp-content\/uploads\/2025\/02\/trampolinanlagen__cubes-416x416.jpg 416w, https:\/\/freizeit-technik.de\/wp-content\/uploads\/2025\/02\/trampolinanlagen__cubes-100x100.jpg 100w\" sizes=\"auto, (max-width: 600px) 100vw, 600px\" \/><figcaption class=\"wp-element-caption\"><strong>Cubos<\/strong><\/figcaption><\/figure>\n<\/div><\/div>\n<\/div>\n\n<p><\/p>\n","protected":false},"excerpt":{"rendered":"<p>Suministramos accesorios y piezas de repuesto para todos los parques de camas el\u00e1sticas e instalaciones de camas el\u00e1sticas de uso comercial . Nuestro punto fuerte es la producci\u00f3n de l\u00e1minas de salto de trampol\u00edn personalizadas, en una amplia variedad y adaptadas con precisi\u00f3n a tu \u00e1mbito de aplicaci\u00f3n. S\u00f3lo son necesarias algunas aclaraciones para un [&hellip;]<\/p>\n","protected":false},"author":16,"featured_media":0,"parent":0,"menu_order":0,"comment_status":"closed","ping_status":"closed","template":"template-overview.php","meta":{"_acf_changed":false,"footnotes":""},"class_list":["post-10067","page","type-page","status-publish","hentry"],"acf":[],"_links":{"self":[{"href":"https:\/\/freizeit-technik.de\/es\/wp-json\/wp\/v2\/pages\/10067","targetHints":{"allow":["GET"]}}],"collection":[{"href":"https:\/\/freizeit-technik.de\/es\/wp-json\/wp\/v2\/pages"}],"about":[{"href":"https:\/\/freizeit-technik.de\/es\/wp-json\/wp\/v2\/types\/page"}],"author":[{"embeddable":true,"href":"https:\/\/freizeit-technik.de\/es\/wp-json\/wp\/v2\/users\/16"}],"replies":[{"embeddable":true,"href":"https:\/\/freizeit-technik.de\/es\/wp-json\/wp\/v2\/comments?post=10067"}],"version-history":[{"count":2,"href":"https:\/\/freizeit-technik.de\/es\/wp-json\/wp\/v2\/pages\/10067\/revisions"}],"predecessor-version":[{"id":10071,"href":"https:\/\/freizeit-technik.de\/es\/wp-json\/wp\/v2\/pages\/10067\/revisions\/10071"}],"wp:attachment":[{"href":"https:\/\/freizeit-technik.de\/es\/wp-json\/wp\/v2\/media?parent=10067"}],"curies":[{"name":"wp","href":"https:\/\/api.w.org\/{rel}","templated":true}]}}

Accesorios para parques de camas elásticas

<h3 class="wp-block-heading">Suministramos accesorios y piezas de repuesto para todos los parques de camas elásticas e instalaciones de camas elásticas de uso comercial <br/>.</h3>

<p>Nuestro punto fuerte es la producción de <strong>láminas de salto de trampolín personalizadas</strong>, en una amplia variedad y adaptadas con precisión a tu ámbito de aplicación.</p>

<p>Sólo son necesarias algunas aclaraciones para un ajuste perfecto de tu nueva <strong>colchoneta de salto</strong>. <br/>Si estás interesado, ponte en contacto con nosotros <strong><a href="https://freizeit-technik.de/kontakt/" data-type="page" data-id="116">directamente</a></strong>.</p>

<p>También disponemos de una amplia gama de robustos <strong>muelles para camas elásticas</strong> en una gran variedad de tamaños.</p>

<p>Nuestros <strong>cubos</strong> especiales, fabricados individualmente con una calidad excepcional, son muy populares y garantizan un disfrute duradero y ahorran al operador un considerable esfuerzo de limpieza.  </p>

<p>Navega por nuestra tienda para encontrar soluciones universales y piezas pequeñas.  </p>

<p>Si no encuentras lo que buscas <strong><a href="https://freizeit-technik.de/kontakt/" data-type="page" data-id="116">ponte en contacto con nosotros</a></strong>.</p>

<div class="wp-block-columns is-layout-flex wp-container-core-columns-is-layout-28f84493 wp-block-columns-is-layout-flex">
<div class="wp-block-column is-layout-flow wp-block-column-is-layout-flow"><div class="wp-block-image">
<figure class="alignleft size-full"><img loading="lazy" decoding="async" width="600" height="600" src="https://freizeit-technik.de/wp-content/uploads/2025/02/trampolinanlagen__sprungtuch_1.jpg" alt="Hojas de salto" class="wp-image-5398" srcset="https://freizeit-technik.de/wp-content/uploads/2025/02/trampolinanlagen__sprungtuch_1.jpg 600w, https://freizeit-technik.de/wp-content/uploads/2025/02/trampolinanlagen__sprungtuch_1-300x300.jpg 300w, https://freizeit-technik.de/wp-content/uploads/2025/02/trampolinanlagen__sprungtuch_1-150x150.jpg 150w, https://freizeit-technik.de/wp-content/uploads/2025/02/trampolinanlagen__sprungtuch_1-324x324.jpg 324w, https://freizeit-technik.de/wp-content/uploads/2025/02/trampolinanlagen__sprungtuch_1-416x416.jpg 416w, https://freizeit-technik.de/wp-content/uploads/2025/02/trampolinanlagen__sprungtuch_1-100x100.jpg 100w" sizes="auto, (max-width: 600px) 100vw, 600px" /><figcaption class="wp-element-caption"><strong>Láminas de salto en cama elástica a medida</strong></figcaption></figure>
</div></div>



<div class="wp-block-column is-layout-flow wp-block-column-is-layout-flow"><div class="wp-block-image">
<figure class="alignleft size-full"><img loading="lazy" decoding="async" width="600" height="600" src="https://freizeit-technik.de/wp-content/uploads/2025/02/trampolinanlagen__federn.jpg" alt="" class="wp-image-5396" srcset="https://freizeit-technik.de/wp-content/uploads/2025/02/trampolinanlagen__federn.jpg 600w, https://freizeit-technik.de/wp-content/uploads/2025/02/trampolinanlagen__federn-300x300.jpg 300w, https://freizeit-technik.de/wp-content/uploads/2025/02/trampolinanlagen__federn-150x150.jpg 150w, https://freizeit-technik.de/wp-content/uploads/2025/02/trampolinanlagen__federn-324x324.jpg 324w, https://freizeit-technik.de/wp-content/uploads/2025/02/trampolinanlagen__federn-416x416.jpg 416w, https://freizeit-technik.de/wp-content/uploads/2025/02/trampolinanlagen__federn-100x100.jpg 100w" sizes="auto, (max-width: 600px) 100vw, 600px" /><figcaption class="wp-element-caption"> <strong>Muelles de trampolín</strong></figcaption></figure>
</div></div>



<div class="wp-block-column is-layout-flow wp-block-column-is-layout-flow"><div class="wp-block-image">
<figure class="alignleft size-full"><img loading="lazy" decoding="async" width="600" height="600" src="https://freizeit-technik.de/wp-content/uploads/2025/02/trampolinanlagen__cubes.jpg" alt="Cubos Cubos de espuma&#10;" class="wp-image-5394" srcset="https://freizeit-technik.de/wp-content/uploads/2025/02/trampolinanlagen__cubes.jpg 600w, https://freizeit-technik.de/wp-content/uploads/2025/02/trampolinanlagen__cubes-300x300.jpg 300w, https://freizeit-technik.de/wp-content/uploads/2025/02/trampolinanlagen__cubes-150x150.jpg 150w, https://freizeit-technik.de/wp-content/uploads/2025/02/trampolinanlagen__cubes-324x324.jpg 324w, https://freizeit-technik.de/wp-content/uploads/2025/02/trampolinanlagen__cubes-416x416.jpg 416w, https://freizeit-technik.de/wp-content/uploads/2025/02/trampolinanlagen__cubes-100x100.jpg 100w" sizes="auto, (max-width: 600px) 100vw, 600px" /><figcaption class="wp-element-caption"><strong>Cubos</strong></figcaption></figure>
</div></div>
</div>

<p></p>

<p>Suministramos accesorios y piezas de repuesto para todos los parques de camas elásticas e instalaciones de camas elásticas de uso comercial . Nuestro punto fuerte es la producción de láminas de salto de trampolín personalizadas, en una amplia variedad y adaptadas con precisión a tu ámbito de aplicación. Sólo son necesarias algunas aclaraciones para un [&hellip;]</p>
