{"id":13529,"date":"2026-04-12T15:59:09","date_gmt":"2026-04-12T13:59:09","guid":{"rendered":"https:\/\/freizeit-technik.de\/shop\/redes-laterales-de-malla-gruesa-sin-nudos-de-pp\/"},"modified":"2026-04-24T11:27:45","modified_gmt":"2026-04-24T09:27:45","slug":"redes-laterales-de-malla-gruesa-sin-nudos-de-pp","status":"publish","type":"product","link":"https:\/\/freizeit-technik.de\/es\/shop\/redes-laterales-de-malla-gruesa-sin-nudos-de-pp\/","title":{"rendered":"Redes laterales de malla gruesa, sin nudos, de PP"},"content":{"rendered":"<p><strong>anchura m\u00e1xima: 20 m<br \/>\n<\/strong><strong>longitud m\u00e1xima: 100 m<br \/>\n<\/strong><strong>Aplicaci\u00f3n: interior y exterior<br \/>\n<\/strong><strong>Color: negro<br \/>\nLuz de malla: 45 x 45 mm<br \/>\nGrosor del hilo: 3 mm<\/strong><\/p>\n<p><img loading=\"lazy\" decoding=\"async\" class=\"size-full wp-image-682 alignleft\" src=\"https:\/\/freizeit-technik.de\/wp-content\/uploads\/2017\/03\/Q_deutschland-1.gif\" alt=\"\" width=\"64\" height=\"64\"><\/p>\n","protected":false},"excerpt":{"rendered":"<p>Redes laterales de PP listas para usar, sin nudos, con malla de 45 x 45 mm y bordes reforzados. Como alternativa, puedes instalar estas redes laterales con bridas para cables, una cuerda de atar o cierres de goma. Estas redes de malla gruesa son transparentes desde casi todos los \u00e1ngulos, muy robustas y baratas. Debido a las mallas anchas, no se pueden fabricar exactamente al cent\u00edmetro. Por eso, solemos fabricar estas redes un poco m\u00e1s apretadas, para que queden estiradas a la medida deseada y queden bien ajustadas al instalarlas.    <\/p>\n<p><strong>Requisitos para las categor\u00edas de precios:<br \/>\n<\/strong>Cuadrada o rectangular. Para otras formas (redonda, triangular, octogonal, etc.) y pa\u00f1os m\u00e1s grandes o estrechos, env\u00edanos una consulta aparte. <\/p>\n<p><strong>Proceso de pedido:<br \/>\n<\/strong>Selecciona <strong>la categor\u00eda de precio adecuada.<\/strong><br \/>\n<strong>Introduce la cantidad.<\/strong><br \/>\nNo hay descuento graduado para este art\u00edculo para varias redes id\u00e9nticas.<\/p>\n<p>Para la fabricaci\u00f3n de redes laterales personalizadas, consulta los pedidos anteriores al hacer tu pedido.<br \/>\nSi a\u00fan no hemos registrado tu red lateral con las dimensiones correspondientes, h\u00e1znoslo saber en el campo de comentarios al completar tu pedido.<br \/>\nSi necesitas ayuda con esto, ponte en contacto con nosotros. \u00a1Estaremos encantados de ayudarte a determinar las dimensiones correctas! <\/p>\n<p>Plazo de entrega: normalmente 3-4 semanas.<\/p>\n","protected":false},"featured_media":9825,"comment_status":"open","ping_status":"closed","template":"","meta":{"_acf_changed":false},"product_brand":[],"product_cat":[258,259],"product_tag":[],"class_list":{"0":"post-13529","1":"product","2":"type-product","3":"status-publish","4":"has-post-thumbnail","6":"product_cat-accesorios-para-parques-infantiles","7":"product_cat-redes-laterales-para-cama-elastica","9":"first","10":"instock","11":"taxable","12":"shipping-taxable","13":"product-type-variable"},"acf":[],"_links":{"self":[{"href":"https:\/\/freizeit-technik.de\/es\/wp-json\/wp\/v2\/product\/13529","targetHints":{"allow":["GET"]}}],"collection":[{"href":"https:\/\/freizeit-technik.de\/es\/wp-json\/wp\/v2\/product"}],"about":[{"href":"https:\/\/freizeit-technik.de\/es\/wp-json\/wp\/v2\/types\/product"}],"replies":[{"embeddable":true,"href":"https:\/\/freizeit-technik.de\/es\/wp-json\/wp\/v2\/comments?post=13529"}],"wp:featuredmedia":[{"embeddable":true,"href":"https:\/\/freizeit-technik.de\/es\/wp-json\/wp\/v2\/media\/9825"}],"wp:attachment":[{"href":"https:\/\/freizeit-technik.de\/es\/wp-json\/wp\/v2\/media?parent=13529"}],"wp:term":[{"taxonomy":"product_brand","embeddable":true,"href":"https:\/\/freizeit-technik.de\/es\/wp-json\/wp\/v2\/product_brand?post=13529"},{"taxonomy":"product_cat","embeddable":true,"href":"https:\/\/freizeit-technik.de\/es\/wp-json\/wp\/v2\/product_cat?post=13529"},{"taxonomy":"product_tag","embeddable":true,"href":"https:\/\/freizeit-technik.de\/es\/wp-json\/wp\/v2\/product_tag?post=13529"}],"curies":[{"name":"wp","href":"https:\/\/api.w.org\/{rel}","templated":true}]}}

<p><strong>anchura máxima: 20 m<br />
</strong><strong>longitud máxima: 100 m<br />
</strong><strong>Aplicación: interior y exterior<br />
</strong><strong>Color: negro<br />
Luz de malla: 45 x 45 mm<br />
Grosor del hilo: 3 mm</strong></p>
<p><img loading="lazy" decoding="async" class="size-full wp-image-682 alignleft" src="https://freizeit-technik.de/wp-content/uploads/2017/03/Q_deutschland-1.gif" alt="" width="64" height="64"></p>

<p>Redes laterales de PP listas para usar, sin nudos, con malla de 45 x 45 mm y bordes reforzados. Como alternativa, puedes instalar estas redes laterales con bridas para cables, una cuerda de atar o cierres de goma. Estas redes de malla gruesa son transparentes desde casi todos los ángulos, muy robustas y baratas. Debido a las mallas anchas, no se pueden fabricar exactamente al centímetro. Por eso, solemos fabricar estas redes un poco más apretadas, para que queden estiradas a la medida deseada y queden bien ajustadas al instalarlas.    </p>
<p><strong>Requisitos para las categorías de precios:<br />
</strong>Cuadrada o rectangular. Para otras formas (redonda, triangular, octogonal, etc.) y paños más grandes o estrechos, envíanos una consulta aparte. </p>
<p><strong>Proceso de pedido:<br />
</strong>Selecciona <strong>la categoría de precio adecuada.</strong><br />
<strong>Introduce la cantidad.</strong><br />
No hay descuento graduado para este artículo para varias redes idénticas.</p>
<p>Para la fabricación de redes laterales personalizadas, consulta los pedidos anteriores al hacer tu pedido.<br />
Si aún no hemos registrado tu red lateral con las dimensiones correspondientes, háznoslo saber en el campo de comentarios al completar tu pedido.<br />
Si necesitas ayuda con esto, ponte en contacto con nosotros. ¡Estaremos encantados de ayudarte a determinar las dimensiones correctas! </p>
<p>Plazo de entrega: normalmente 3-4 semanas.</p>
