{"id":14441,"date":"2012-05-04T13:37:32","date_gmt":"2012-05-04T11:37:32","guid":{"rendered":"https:\/\/freizeit-technik.de\/shop\/tipo-3-arnes-elastico-para-cama-elastica-l\/"},"modified":"2026-04-25T22:19:18","modified_gmt":"2026-04-25T20:19:18","slug":"tipo-3-arnes-elastico-para-cama-elastica-l","status":"publish","type":"product","link":"https:\/\/freizeit-technik.de\/es\/shop\/tipo-3-arnes-elastico-para-cama-elastica-l\/","title":{"rendered":"Tipo 3 Arn\u00e9s el\u00e1stico para cama el\u00e1stica L"},"content":{"rendered":"<p><strong>Pruebas de carga de rotura: seg\u00fan DIN EN 813<\/strong><\/p>\n","protected":false},"excerpt":{"rendered":"<p>Los arneses de salto para cama el\u00e1stica de tipo 3 tienen el mismo dise\u00f1o que los de tipo 2, pero est\u00e1n fabricados con materiales diferentes y tienen una forma de acolchado ligeramente distinta.<br \/>\nLas secciones de las piernas est\u00e1n conectadas entre s\u00ed, los puntos de enganche son profundos y paralelos.<br \/>\nLas tallas de los arneses de salto de tipo 3 son las mismas que las de los de tipo 1.<\/p>\n","protected":false},"featured_media":14444,"comment_status":"open","ping_status":"closed","template":"","meta":{"_acf_changed":false},"product_brand":[],"product_cat":[266,272],"product_tag":[],"class_list":{"0":"post-14441","1":"product","2":"type-product","3":"status-publish","4":"has-post-thumbnail","6":"product_cat-arneses-de-salto","7":"product_cat-sin-categoria","9":"first","10":"instock","11":"taxable","12":"shipping-taxable","13":"product-type-simple"},"acf":[],"_links":{"self":[{"href":"https:\/\/freizeit-technik.de\/es\/wp-json\/wp\/v2\/product\/14441","targetHints":{"allow":["GET"]}}],"collection":[{"href":"https:\/\/freizeit-technik.de\/es\/wp-json\/wp\/v2\/product"}],"about":[{"href":"https:\/\/freizeit-technik.de\/es\/wp-json\/wp\/v2\/types\/product"}],"replies":[{"embeddable":true,"href":"https:\/\/freizeit-technik.de\/es\/wp-json\/wp\/v2\/comments?post=14441"}],"wp:featuredmedia":[{"embeddable":true,"href":"https:\/\/freizeit-technik.de\/es\/wp-json\/wp\/v2\/media\/14444"}],"wp:attachment":[{"href":"https:\/\/freizeit-technik.de\/es\/wp-json\/wp\/v2\/media?parent=14441"}],"wp:term":[{"taxonomy":"product_brand","embeddable":true,"href":"https:\/\/freizeit-technik.de\/es\/wp-json\/wp\/v2\/product_brand?post=14441"},{"taxonomy":"product_cat","embeddable":true,"href":"https:\/\/freizeit-technik.de\/es\/wp-json\/wp\/v2\/product_cat?post=14441"},{"taxonomy":"product_tag","embeddable":true,"href":"https:\/\/freizeit-technik.de\/es\/wp-json\/wp\/v2\/product_tag?post=14441"}],"curies":[{"name":"wp","href":"https:\/\/api.w.org\/{rel}","templated":true}]}}

Tipo 3 Arnés elástico para cama elástica L

<p><strong>Pruebas de carga de rotura: según DIN EN 813</strong></p>

<p>Los arneses de salto para cama elástica de tipo 3 tienen el mismo diseño que los de tipo 2, pero están fabricados con materiales diferentes y tienen una forma de acolchado ligeramente distinta.<br />
Las secciones de las piernas están conectadas entre sí, los puntos de enganche son profundos y paralelos.<br />
Las tallas de los arneses de salto de tipo 3 son las mismas que las de los de tipo 1.</p>
