{"id":14539,"date":"2026-04-12T11:59:26","date_gmt":"2026-04-12T09:59:26","guid":{"rendered":"https:\/\/freizeit-technik.de\/shop\/varilla-de-fibra-de-vidrio-para-redes-laterales-con-cordon\/"},"modified":"2026-04-29T12:43:29","modified_gmt":"2026-04-29T10:43:29","slug":"varilla-de-fibra-de-vidrio-para-redes-laterales-con-cordon","status":"publish","type":"product","link":"https:\/\/freizeit-technik.de\/es\/shop\/varilla-de-fibra-de-vidrio-para-redes-laterales-con-cordon\/","title":{"rendered":"Varilla de fibra de vidrio para redes laterales con cord\u00f3n"},"content":{"rendered":"<p>&nbsp;<\/p>\n<p>&nbsp;<\/p>\n","protected":false},"excerpt":{"rendered":"<p>Varilla de fibra de vidrio de 5 mm de grosor y 3 m de longitud para el tiro en t\u00fanel de las redes laterales sin escalada. Posibilidad de corte de transporte para un env\u00edo m\u00e1s barato. <\/p>\n","protected":false},"featured_media":9866,"comment_status":"open","ping_status":"closed","template":"","meta":{"_acf_changed":false},"product_brand":[],"product_cat":[258,259,220],"product_tag":[],"class_list":{"0":"post-14539","1":"product","2":"type-product","3":"status-publish","4":"has-post-thumbnail","6":"product_cat-accesorios-para-parques-infantiles","7":"product_cat-redes-laterales-para-cama-elastica","8":"product_cat-varios","10":"first","11":"instock","12":"taxable","13":"shipping-taxable","14":"purchasable","15":"product-type-simple"},"acf":[],"_links":{"self":[{"href":"https:\/\/freizeit-technik.de\/es\/wp-json\/wp\/v2\/product\/14539","targetHints":{"allow":["GET"]}}],"collection":[{"href":"https:\/\/freizeit-technik.de\/es\/wp-json\/wp\/v2\/product"}],"about":[{"href":"https:\/\/freizeit-technik.de\/es\/wp-json\/wp\/v2\/types\/product"}],"replies":[{"embeddable":true,"href":"https:\/\/freizeit-technik.de\/es\/wp-json\/wp\/v2\/comments?post=14539"}],"wp:featuredmedia":[{"embeddable":true,"href":"https:\/\/freizeit-technik.de\/es\/wp-json\/wp\/v2\/media\/9866"}],"wp:attachment":[{"href":"https:\/\/freizeit-technik.de\/es\/wp-json\/wp\/v2\/media?parent=14539"}],"wp:term":[{"taxonomy":"product_brand","embeddable":true,"href":"https:\/\/freizeit-technik.de\/es\/wp-json\/wp\/v2\/product_brand?post=14539"},{"taxonomy":"product_cat","embeddable":true,"href":"https:\/\/freizeit-technik.de\/es\/wp-json\/wp\/v2\/product_cat?post=14539"},{"taxonomy":"product_tag","embeddable":true,"href":"https:\/\/freizeit-technik.de\/es\/wp-json\/wp\/v2\/product_tag?post=14539"}],"curies":[{"name":"wp","href":"https:\/\/api.w.org\/{rel}","templated":true}]}}

Varilla de fibra de vidrio para redes laterales con cordón

<p>Varilla de fibra de vidrio de 5 mm de grosor y 3 m de longitud para el tiro en túnel de las redes laterales sin escalada. Posibilidad de corte de transporte para un envío más barato. </p>
