{"id":13409,"date":"2017-07-28T16:00:58","date_gmt":"2017-07-28T14:00:58","guid":{"rendered":"https:\/\/freizeit-technik.de\/shop\/emerillon-petzl-micro\/"},"modified":"2026-04-24T10:15:46","modified_gmt":"2026-04-24T08:15:46","slug":"emerillon-petzl-micro","status":"publish","type":"product","link":"https:\/\/freizeit-technik.de\/fr\/shop\/emerillon-petzl-micro\/","title":{"rendered":"\u00c9merillon &#8220;Petzl Micro"},"content":{"rendered":"","protected":false},"excerpt":{"rendered":"<p><span class=\"tx-ttproducts-pi1-wrap2\">L&#8217;\u00e9merillon compact \u00e0 visser est con\u00e7u pour \u00eatre associ\u00e9 \u00e0 un mousqueton \u00e0 verrouillage afin d&#8217;\u00e9viter que les longes ne se vissent et de garantir le bon positionnement des \u00e9quipements. La conception sans roulement permet \u00e0 l&#8217;\u00e9merillon de tourner librement lorsqu&#8217;il n&#8217;est pas sollicit\u00e9 et l&#8217;emp\u00eache de bouger lorsqu&#8217;il est sollicit\u00e9, afin de maintenir les \u00e9quipements dans la bonne position. <\/span><\/p>\n","protected":false},"featured_media":13410,"comment_status":"open","ping_status":"closed","template":"","meta":{"_acf_changed":false},"product_brand":[],"product_cat":[232],"product_tag":[],"class_list":{"0":"post-13409","1":"product","2":"type-product","3":"status-publish","4":"has-post-thumbnail","6":"product_cat-mousquetons-co","8":"first","9":"instock","10":"taxable","11":"shipping-taxable","12":"purchasable","13":"product-type-simple"},"acf":[],"_links":{"self":[{"href":"https:\/\/freizeit-technik.de\/fr\/wp-json\/wp\/v2\/product\/13409","targetHints":{"allow":["GET"]}}],"collection":[{"href":"https:\/\/freizeit-technik.de\/fr\/wp-json\/wp\/v2\/product"}],"about":[{"href":"https:\/\/freizeit-technik.de\/fr\/wp-json\/wp\/v2\/types\/product"}],"replies":[{"embeddable":true,"href":"https:\/\/freizeit-technik.de\/fr\/wp-json\/wp\/v2\/comments?post=13409"}],"wp:featuredmedia":[{"embeddable":true,"href":"https:\/\/freizeit-technik.de\/fr\/wp-json\/wp\/v2\/media\/13410"}],"wp:attachment":[{"href":"https:\/\/freizeit-technik.de\/fr\/wp-json\/wp\/v2\/media?parent=13409"}],"wp:term":[{"taxonomy":"product_brand","embeddable":true,"href":"https:\/\/freizeit-technik.de\/fr\/wp-json\/wp\/v2\/product_brand?post=13409"},{"taxonomy":"product_cat","embeddable":true,"href":"https:\/\/freizeit-technik.de\/fr\/wp-json\/wp\/v2\/product_cat?post=13409"},{"taxonomy":"product_tag","embeddable":true,"href":"https:\/\/freizeit-technik.de\/fr\/wp-json\/wp\/v2\/product_tag?post=13409"}],"curies":[{"name":"wp","href":"https:\/\/api.w.org\/{rel}","templated":true}]}}

Émerillon &#8220;Petzl Micro

<p><span class="tx-ttproducts-pi1-wrap2">L&#8217;émerillon compact à visser est conçu pour être associé à un mousqueton à verrouillage afin d&#8217;éviter que les longes ne se vissent et de garantir le bon positionnement des équipements. La conception sans roulement permet à l&#8217;émerillon de tourner librement lorsqu&#8217;il n&#8217;est pas sollicité et l&#8217;empêche de bouger lorsqu&#8217;il est sollicité, afin de maintenir les équipements dans la bonne position. </span></p>
