{"id":13256,"date":"2017-06-27T15:43:47","date_gmt":"2017-06-27T13:43:47","guid":{"rendered":"https:\/\/freizeit-technik.de\/shop\/aluminijski-karabiner-s-vijkom-ct\/"},"modified":"2026-04-23T21:45:53","modified_gmt":"2026-04-23T19:45:53","slug":"aluminijski-karabiner-s-vijkom-ct","status":"publish","type":"product","link":"https:\/\/freizeit-technik.de\/hr\/shop\/aluminijski-karabiner-s-vijkom-ct\/","title":{"rendered":"Aluminijski karabiner s vijkom &#8220;CT&#8221;"},"content":{"rendered":"<p><span class=\"tx-ttproducts-pi1-wrap2\"><strong>Te\u017eina: 0,085 kg<br \/>\n Boja: mat crna i srebrna<br \/>\n<\/strong> <strong>Stati\u010dka nosivost:<\/strong> <strong>22 kN<br \/>\n Certifikacija: EN 362:2004<\/strong><strong><br \/>\n<\/strong><\/span><\/p>\n<p>&nbsp;<\/p>\n","protected":false},"excerpt":{"rendered":"<p>Aluminijski karabiner s vij\u010danim zatvara\u010dem.<\/p>\n<p>Podrijetlom od renomiranog proizvo\u0111a\u010da iz EU, ovi karabineri karakteriziraju se preciznom izradom najvi\u0161e kvalitete. Nemaju mjesta za zapinjanje na otvoru karabina za brzu i u\u010dinkovitu upotrebu. <\/p>\n","protected":false},"featured_media":13257,"comment_status":"open","ping_status":"closed","template":"","meta":{"_acf_changed":false},"product_brand":[],"product_cat":[215,234],"product_tag":[],"class_list":{"0":"post-13256","1":"product","2":"type-product","3":"status-publish","4":"has-post-thumbnail","6":"product_cat-bungee-trampolin-objekti","7":"product_cat-karabineri-i-drustvo","9":"first","10":"instock","11":"taxable","12":"shipping-taxable","13":"purchasable","14":"product-type-simple"},"acf":[],"_links":{"self":[{"href":"https:\/\/freizeit-technik.de\/hr\/wp-json\/wp\/v2\/product\/13256","targetHints":{"allow":["GET"]}}],"collection":[{"href":"https:\/\/freizeit-technik.de\/hr\/wp-json\/wp\/v2\/product"}],"about":[{"href":"https:\/\/freizeit-technik.de\/hr\/wp-json\/wp\/v2\/types\/product"}],"replies":[{"embeddable":true,"href":"https:\/\/freizeit-technik.de\/hr\/wp-json\/wp\/v2\/comments?post=13256"}],"wp:featuredmedia":[{"embeddable":true,"href":"https:\/\/freizeit-technik.de\/hr\/wp-json\/wp\/v2\/media\/13257"}],"wp:attachment":[{"href":"https:\/\/freizeit-technik.de\/hr\/wp-json\/wp\/v2\/media?parent=13256"}],"wp:term":[{"taxonomy":"product_brand","embeddable":true,"href":"https:\/\/freizeit-technik.de\/hr\/wp-json\/wp\/v2\/product_brand?post=13256"},{"taxonomy":"product_cat","embeddable":true,"href":"https:\/\/freizeit-technik.de\/hr\/wp-json\/wp\/v2\/product_cat?post=13256"},{"taxonomy":"product_tag","embeddable":true,"href":"https:\/\/freizeit-technik.de\/hr\/wp-json\/wp\/v2\/product_tag?post=13256"}],"curies":[{"name":"wp","href":"https:\/\/api.w.org\/{rel}","templated":true}]}}

<p><span class="tx-ttproducts-pi1-wrap2"><strong>Težina: 0,085 kg<br />
 Boja: mat crna i srebrna<br />
</strong> <strong>Statička nosivost:</strong> <strong>22 kN<br />
 Certifikacija: EN 362:2004</strong><strong><br />
</strong></span></p>
<p>&nbsp;</p>

<p>Aluminijski karabiner s vijčanim zatvaračem.</p>
<p>Podrijetlom od renomiranog proizvođača iz EU, ovi karabineri karakteriziraju se preciznom izradom najviše kvalitete. Nemaju mjesta za zapinjanje na otvoru karabina za brzu i učinkovitu upotrebu. </p>
