{"id":13415,"date":"2017-07-28T16:00:58","date_gmt":"2017-07-28T14:00:58","guid":{"rendered":"https:\/\/freizeit-technik.de\/shop\/petzl-micro-okretni-okretni-mehanizam\/"},"modified":"2026-04-24T10:15:50","modified_gmt":"2026-04-24T08:15:50","slug":"petzl-micro-okretni-okretni-mehanizam","status":"publish","type":"product","link":"https:\/\/freizeit-technik.de\/hr\/shop\/petzl-micro-okretni-okretni-mehanizam\/","title":{"rendered":"Petzl Micro okretni okretni mehanizam"},"content":{"rendered":"","protected":false},"excerpt":{"rendered":"<p><span class=\"tx-ttproducts-pi1-wrap2\">Kompaktna okretna spojnica s vij\u010danim pri\u010dvr\u0161\u0107ivanjem dizajnirana je za upotrebu s karabinerom s zaklju\u010davanjem kako bi se sprije\u010dilo uvijanje u\u017eeta i osiguralo pravilno pozicioniranje opreme. Njen dizajn bez le\u017eaja omogu\u0107uje okretnoj spojnici da se slobodno okre\u0107e kada je neoptere\u0107ena, sprje\u010davaju\u0107i kretanje pod optere\u0107enjem i dr\u017ee\u0107i opremu sigurno na mjestu. <\/span><\/p>\n","protected":false},"featured_media":13416,"comment_status":"open","ping_status":"closed","template":"","meta":{"_acf_changed":false},"product_brand":[],"product_cat":[234],"product_tag":[],"class_list":{"0":"post-13415","1":"product","2":"type-product","3":"status-publish","4":"has-post-thumbnail","6":"product_cat-karabineri-i-drustvo","8":"first","9":"instock","10":"taxable","11":"shipping-taxable","12":"purchasable","13":"product-type-simple"},"acf":[],"_links":{"self":[{"href":"https:\/\/freizeit-technik.de\/hr\/wp-json\/wp\/v2\/product\/13415","targetHints":{"allow":["GET"]}}],"collection":[{"href":"https:\/\/freizeit-technik.de\/hr\/wp-json\/wp\/v2\/product"}],"about":[{"href":"https:\/\/freizeit-technik.de\/hr\/wp-json\/wp\/v2\/types\/product"}],"replies":[{"embeddable":true,"href":"https:\/\/freizeit-technik.de\/hr\/wp-json\/wp\/v2\/comments?post=13415"}],"wp:featuredmedia":[{"embeddable":true,"href":"https:\/\/freizeit-technik.de\/hr\/wp-json\/wp\/v2\/media\/13416"}],"wp:attachment":[{"href":"https:\/\/freizeit-technik.de\/hr\/wp-json\/wp\/v2\/media?parent=13415"}],"wp:term":[{"taxonomy":"product_brand","embeddable":true,"href":"https:\/\/freizeit-technik.de\/hr\/wp-json\/wp\/v2\/product_brand?post=13415"},{"taxonomy":"product_cat","embeddable":true,"href":"https:\/\/freizeit-technik.de\/hr\/wp-json\/wp\/v2\/product_cat?post=13415"},{"taxonomy":"product_tag","embeddable":true,"href":"https:\/\/freizeit-technik.de\/hr\/wp-json\/wp\/v2\/product_tag?post=13415"}],"curies":[{"name":"wp","href":"https:\/\/api.w.org\/{rel}","templated":true}]}}

<p><span class="tx-ttproducts-pi1-wrap2">Kompaktna okretna spojnica s vijčanim pričvršćivanjem dizajnirana je za upotrebu s karabinerom s zaključavanjem kako bi se spriječilo uvijanje užeta i osiguralo pravilno pozicioniranje opreme. Njen dizajn bez ležaja omogućuje okretnoj spojnici da se slobodno okreće kada je neopterećena, sprječavajući kretanje pod opterećenjem i držeći opremu sigurno na mjestu. </span></p>
