{"id":10077,"date":"2026-04-15T14:19:10","date_gmt":"2026-04-15T12:19:10","guid":{"rendered":"https:\/\/freizeit-technik.de\/accessori-per-parchi-trampolino\/"},"modified":"2026-04-15T14:19:11","modified_gmt":"2026-04-15T12:19:11","slug":"accessori-per-parchi-trampolino","status":"publish","type":"page","link":"https:\/\/freizeit-technik.de\/it\/accessori-per-parchi-trampolino\/","title":{"rendered":"Accessori per parchi trampolino"},"content":{"rendered":"\n<h3 class=\"wp-block-heading\">Forniamo accessori e ricambi per tutti i parchi trampolino e le strutture trampolino che operano a livello commerciale <br\/>.<\/h3>\n\n<p>Il nostro punto di forza \u00e8 la produzione di <strong>teli da salto per trampolini personalizzati<\/strong>, in un&#8217;ampia variet\u00e0 e su misura per il tuo settore di applicazione.<\/p>\n\n<p>Sono necessarie solo alcune precisazioni per una perfetta vestibilit\u00e0 del tuo nuovo <strong>tappetino da salto<\/strong>. <br\/>Se sei interessato, contattaci <strong><a href=\"https:\/\/freizeit-technik.de\/kontakt\/\" data-type=\"page\" data-id=\"116\">direttamente<\/a><\/strong>.<\/p>\n\n<p>Abbiamo anche un&#8217;ampia gamma di robuste <strong>molle per trampolini in<\/strong> una grande variet\u00e0 di misure.<\/p>\n\n<p>I nostri <strong>cubi<\/strong> speciali, prodotti singolarmente e di qualit\u00e0 eccezionale, sono estremamente apprezzati e garantiscono un divertimento duraturo, risparmiando all&#8217;operatore un notevole sforzo di pulizia.  <\/p>\n\n<p>Sfoglia il nostro negozio per soluzioni universali e piccole parti.  <\/p>\n\n<p>Se non trovi quello che stai cercando, <strong><a href=\"https:\/\/freizeit-technik.de\/kontakt\/\" data-type=\"page\" data-id=\"116\">contattaci<\/a><\/strong>.<\/p>\n\n<div class=\"wp-block-columns is-layout-flex wp-container-core-columns-is-layout-28f84493 wp-block-columns-is-layout-flex\">\n<div class=\"wp-block-column is-layout-flow wp-block-column-is-layout-flow\"><div class=\"wp-block-image\">\n<figure class=\"alignleft size-full\"><img loading=\"lazy\" decoding=\"async\" width=\"600\" height=\"600\" src=\"https:\/\/freizeit-technik.de\/wp-content\/uploads\/2025\/02\/trampolinanlagen__sprungtuch_1.jpg\" alt=\"Lenzuola che saltano\" class=\"wp-image-5398\" srcset=\"https:\/\/freizeit-technik.de\/wp-content\/uploads\/2025\/02\/trampolinanlagen__sprungtuch_1.jpg 600w, https:\/\/freizeit-technik.de\/wp-content\/uploads\/2025\/02\/trampolinanlagen__sprungtuch_1-300x300.jpg 300w, https:\/\/freizeit-technik.de\/wp-content\/uploads\/2025\/02\/trampolinanlagen__sprungtuch_1-150x150.jpg 150w, https:\/\/freizeit-technik.de\/wp-content\/uploads\/2025\/02\/trampolinanlagen__sprungtuch_1-324x324.jpg 324w, https:\/\/freizeit-technik.de\/wp-content\/uploads\/2025\/02\/trampolinanlagen__sprungtuch_1-416x416.jpg 416w, https:\/\/freizeit-technik.de\/wp-content\/uploads\/2025\/02\/trampolinanlagen__sprungtuch_1-100x100.jpg 100w\" sizes=\"auto, (max-width: 600px) 100vw, 600px\" \/><figcaption class=\"wp-element-caption\"><strong>Teli per il salto dal trampolino su misura<\/strong><\/figcaption><\/figure>\n<\/div><\/div>\n\n\n\n<div class=\"wp-block-column is-layout-flow wp-block-column-is-layout-flow\"><div class=\"wp-block-image\">\n<figure class=\"alignleft size-full\"><img loading=\"lazy\" decoding=\"async\" width=\"600\" height=\"600\" src=\"https:\/\/freizeit-technik.de\/wp-content\/uploads\/2025\/02\/trampolinanlagen__federn.jpg\" alt=\"\" class=\"wp-image-5396\" srcset=\"https:\/\/freizeit-technik.de\/wp-content\/uploads\/2025\/02\/trampolinanlagen__federn.jpg 600w, https:\/\/freizeit-technik.de\/wp-content\/uploads\/2025\/02\/trampolinanlagen__federn-300x300.jpg 300w, https:\/\/freizeit-technik.de\/wp-content\/uploads\/2025\/02\/trampolinanlagen__federn-150x150.jpg 150w, https:\/\/freizeit-technik.de\/wp-content\/uploads\/2025\/02\/trampolinanlagen__federn-324x324.jpg 324w, https:\/\/freizeit-technik.de\/wp-content\/uploads\/2025\/02\/trampolinanlagen__federn-416x416.jpg 416w, https:\/\/freizeit-technik.de\/wp-content\/uploads\/2025\/02\/trampolinanlagen__federn-100x100.jpg 100w\" sizes=\"auto, (max-width: 600px) 100vw, 600px\" \/><figcaption class=\"wp-element-caption\"> <strong>Molle del trampolino<\/strong><\/figcaption><\/figure>\n<\/div><\/div>\n\n\n\n<div class=\"wp-block-column is-layout-flow wp-block-column-is-layout-flow\"><div class=\"wp-block-image\">\n<figure class=\"alignleft size-full\"><img loading=\"lazy\" decoding=\"async\" width=\"600\" height=\"600\" src=\"https:\/\/freizeit-technik.de\/wp-content\/uploads\/2025\/02\/trampolinanlagen__cubes.jpg\" alt=\"Cubi Cubi di schiuma&#10;\" class=\"wp-image-5394\" srcset=\"https:\/\/freizeit-technik.de\/wp-content\/uploads\/2025\/02\/trampolinanlagen__cubes.jpg 600w, https:\/\/freizeit-technik.de\/wp-content\/uploads\/2025\/02\/trampolinanlagen__cubes-300x300.jpg 300w, https:\/\/freizeit-technik.de\/wp-content\/uploads\/2025\/02\/trampolinanlagen__cubes-150x150.jpg 150w, https:\/\/freizeit-technik.de\/wp-content\/uploads\/2025\/02\/trampolinanlagen__cubes-324x324.jpg 324w, https:\/\/freizeit-technik.de\/wp-content\/uploads\/2025\/02\/trampolinanlagen__cubes-416x416.jpg 416w, https:\/\/freizeit-technik.de\/wp-content\/uploads\/2025\/02\/trampolinanlagen__cubes-100x100.jpg 100w\" sizes=\"auto, (max-width: 600px) 100vw, 600px\" \/><figcaption class=\"wp-element-caption\"><strong>Cubi<\/strong><\/figcaption><\/figure>\n<\/div><\/div>\n<\/div>\n\n<p><\/p>\n","protected":false},"excerpt":{"rendered":"<p>Forniamo accessori e ricambi per tutti i parchi trampolino e le strutture trampolino che operano a livello commerciale . Il nostro punto di forza \u00e8 la produzione di teli da salto per trampolini personalizzati, in un&#8217;ampia variet\u00e0 e su misura per il tuo settore di applicazione. Sono necessarie solo alcune precisazioni per una perfetta vestibilit\u00e0 [&hellip;]<\/p>\n","protected":false},"author":16,"featured_media":0,"parent":0,"menu_order":0,"comment_status":"closed","ping_status":"closed","template":"template-overview.php","meta":{"_acf_changed":false,"footnotes":""},"class_list":["post-10077","page","type-page","status-publish","hentry"],"acf":[],"_links":{"self":[{"href":"https:\/\/freizeit-technik.de\/it\/wp-json\/wp\/v2\/pages\/10077","targetHints":{"allow":["GET"]}}],"collection":[{"href":"https:\/\/freizeit-technik.de\/it\/wp-json\/wp\/v2\/pages"}],"about":[{"href":"https:\/\/freizeit-technik.de\/it\/wp-json\/wp\/v2\/types\/page"}],"author":[{"embeddable":true,"href":"https:\/\/freizeit-technik.de\/it\/wp-json\/wp\/v2\/users\/16"}],"replies":[{"embeddable":true,"href":"https:\/\/freizeit-technik.de\/it\/wp-json\/wp\/v2\/comments?post=10077"}],"version-history":[{"count":2,"href":"https:\/\/freizeit-technik.de\/it\/wp-json\/wp\/v2\/pages\/10077\/revisions"}],"predecessor-version":[{"id":10081,"href":"https:\/\/freizeit-technik.de\/it\/wp-json\/wp\/v2\/pages\/10077\/revisions\/10081"}],"wp:attachment":[{"href":"https:\/\/freizeit-technik.de\/it\/wp-json\/wp\/v2\/media?parent=10077"}],"curies":[{"name":"wp","href":"https:\/\/api.w.org\/{rel}","templated":true}]}}

<h3 class="wp-block-heading">Forniamo accessori e ricambi per tutti i parchi trampolino e le strutture trampolino che operano a livello commerciale <br/>.</h3>

<p>Il nostro punto di forza è la produzione di <strong>teli da salto per trampolini personalizzati</strong>, in un&#8217;ampia varietà e su misura per il tuo settore di applicazione.</p>

<p>Sono necessarie solo alcune precisazioni per una perfetta vestibilità del tuo nuovo <strong>tappetino da salto</strong>. <br/>Se sei interessato, contattaci <strong><a href="https://freizeit-technik.de/kontakt/" data-type="page" data-id="116">direttamente</a></strong>.</p>

<p>Abbiamo anche un&#8217;ampia gamma di robuste <strong>molle per trampolini in</strong> una grande varietà di misure.</p>

<p>I nostri <strong>cubi</strong> speciali, prodotti singolarmente e di qualità eccezionale, sono estremamente apprezzati e garantiscono un divertimento duraturo, risparmiando all&#8217;operatore un notevole sforzo di pulizia.  </p>

<p>Sfoglia il nostro negozio per soluzioni universali e piccole parti.  </p>

<p>Se non trovi quello che stai cercando, <strong><a href="https://freizeit-technik.de/kontakt/" data-type="page" data-id="116">contattaci</a></strong>.</p>

<div class="wp-block-columns is-layout-flex wp-container-core-columns-is-layout-28f84493 wp-block-columns-is-layout-flex">
<div class="wp-block-column is-layout-flow wp-block-column-is-layout-flow"><div class="wp-block-image">
<figure class="alignleft size-full"><img loading="lazy" decoding="async" width="600" height="600" src="https://freizeit-technik.de/wp-content/uploads/2025/02/trampolinanlagen__sprungtuch_1.jpg" alt="Lenzuola che saltano" class="wp-image-5398" srcset="https://freizeit-technik.de/wp-content/uploads/2025/02/trampolinanlagen__sprungtuch_1.jpg 600w, https://freizeit-technik.de/wp-content/uploads/2025/02/trampolinanlagen__sprungtuch_1-300x300.jpg 300w, https://freizeit-technik.de/wp-content/uploads/2025/02/trampolinanlagen__sprungtuch_1-150x150.jpg 150w, https://freizeit-technik.de/wp-content/uploads/2025/02/trampolinanlagen__sprungtuch_1-324x324.jpg 324w, https://freizeit-technik.de/wp-content/uploads/2025/02/trampolinanlagen__sprungtuch_1-416x416.jpg 416w, https://freizeit-technik.de/wp-content/uploads/2025/02/trampolinanlagen__sprungtuch_1-100x100.jpg 100w" sizes="auto, (max-width: 600px) 100vw, 600px" /><figcaption class="wp-element-caption"><strong>Teli per il salto dal trampolino su misura</strong></figcaption></figure>
</div></div>



<div class="wp-block-column is-layout-flow wp-block-column-is-layout-flow"><div class="wp-block-image">
<figure class="alignleft size-full"><img loading="lazy" decoding="async" width="600" height="600" src="https://freizeit-technik.de/wp-content/uploads/2025/02/trampolinanlagen__federn.jpg" alt="" class="wp-image-5396" srcset="https://freizeit-technik.de/wp-content/uploads/2025/02/trampolinanlagen__federn.jpg 600w, https://freizeit-technik.de/wp-content/uploads/2025/02/trampolinanlagen__federn-300x300.jpg 300w, https://freizeit-technik.de/wp-content/uploads/2025/02/trampolinanlagen__federn-150x150.jpg 150w, https://freizeit-technik.de/wp-content/uploads/2025/02/trampolinanlagen__federn-324x324.jpg 324w, https://freizeit-technik.de/wp-content/uploads/2025/02/trampolinanlagen__federn-416x416.jpg 416w, https://freizeit-technik.de/wp-content/uploads/2025/02/trampolinanlagen__federn-100x100.jpg 100w" sizes="auto, (max-width: 600px) 100vw, 600px" /><figcaption class="wp-element-caption"> <strong>Molle del trampolino</strong></figcaption></figure>
</div></div>



<div class="wp-block-column is-layout-flow wp-block-column-is-layout-flow"><div class="wp-block-image">
<figure class="alignleft size-full"><img loading="lazy" decoding="async" width="600" height="600" src="https://freizeit-technik.de/wp-content/uploads/2025/02/trampolinanlagen__cubes.jpg" alt="Cubi Cubi di schiuma&#10;" class="wp-image-5394" srcset="https://freizeit-technik.de/wp-content/uploads/2025/02/trampolinanlagen__cubes.jpg 600w, https://freizeit-technik.de/wp-content/uploads/2025/02/trampolinanlagen__cubes-300x300.jpg 300w, https://freizeit-technik.de/wp-content/uploads/2025/02/trampolinanlagen__cubes-150x150.jpg 150w, https://freizeit-technik.de/wp-content/uploads/2025/02/trampolinanlagen__cubes-324x324.jpg 324w, https://freizeit-technik.de/wp-content/uploads/2025/02/trampolinanlagen__cubes-416x416.jpg 416w, https://freizeit-technik.de/wp-content/uploads/2025/02/trampolinanlagen__cubes-100x100.jpg 100w" sizes="auto, (max-width: 600px) 100vw, 600px" /><figcaption class="wp-element-caption"><strong>Cubi</strong></figcaption></figure>
</div></div>
</div>

<p></p>

<p>Forniamo accessori e ricambi per tutti i parchi trampolino e le strutture trampolino che operano a livello commerciale . Il nostro punto di forza è la produzione di teli da salto per trampolini personalizzati, in un&#8217;ampia varietà e su misura per il tuo settore di applicazione. Sono necessarie solo alcune precisazioni per una perfetta vestibilità [&hellip;]</p>
