{"id":10072,"date":"2026-04-15T14:19:04","date_gmt":"2026-04-15T12:19:04","guid":{"rendered":"https:\/\/freizeit-technik.de\/acessorios-para-parques-de-trampolins\/"},"modified":"2026-04-15T14:19:04","modified_gmt":"2026-04-15T12:19:04","slug":"acessorios-para-parques-de-trampolins","status":"publish","type":"page","link":"https:\/\/freizeit-technik.de\/pt-pt\/acessorios-para-parques-de-trampolins\/","title":{"rendered":"Acess\u00f3rios para parques de trampolins"},"content":{"rendered":"\n<h3 class=\"wp-block-heading\">Fornecemos acess\u00f3rios e pe\u00e7as sobresselentes para todos os parques de trampolins e instala\u00e7\u00f5es de trampolins <br\/>explorados comercialmente.<\/h3>\n\n<p>O nosso ponto forte \u00e9 a produ\u00e7\u00e3o de <strong>placas de salto para trampolins personalizadas<\/strong> &#8211; numa grande variedade e precisamente adaptadas \u00e0 tua \u00e1rea de aplica\u00e7\u00e3o.<\/p>\n\n<p>S\u00e3o necess\u00e1rios apenas alguns esclarecimentos para que o teu novo <strong>tapete de saltos<\/strong> se adapte perfeitamente. <br\/>Se estiveres interessado, contacta-nos <strong><a href=\"https:\/\/freizeit-technik.de\/kontakt\/\" data-type=\"page\" data-id=\"116\">diretamente<\/a><\/strong>.<\/p>\n\n<p>Tamb\u00e9m temos em stock uma vasta gama de <strong>molas<\/strong> robustas <strong>para trampolins<\/strong> numa grande variedade de tamanhos.<\/p>\n\n<p>Os nossos <strong>cubos<\/strong> especiais, fabricados individualmente com uma qualidade excecional, s\u00e3o extremamente populares e garantem um prazer duradouro, poupando ao operador um esfor\u00e7o de limpeza consider\u00e1vel.  <\/p>\n\n<p>Procura na nossa loja solu\u00e7\u00f5es universais e pe\u00e7as pequenas.  <\/p>\n\n<p>Se n\u00e3o encontrares o que procuras, <strong><a href=\"https:\/\/freizeit-technik.de\/kontakt\/\" data-type=\"page\" data-id=\"116\">por favor contacta-nos<\/a><\/strong>.<\/p>\n\n<div class=\"wp-block-columns is-layout-flex wp-container-core-columns-is-layout-28f84493 wp-block-columns-is-layout-flex\">\n<div class=\"wp-block-column is-layout-flow wp-block-column-is-layout-flow\"><div class=\"wp-block-image\">\n<figure class=\"alignleft size-full\"><img loading=\"lazy\" decoding=\"async\" width=\"600\" height=\"600\" src=\"https:\/\/freizeit-technik.de\/wp-content\/uploads\/2025\/02\/trampolinanlagen__sprungtuch_1.jpg\" alt=\"Folhas de salto\" class=\"wp-image-5398\" srcset=\"https:\/\/freizeit-technik.de\/wp-content\/uploads\/2025\/02\/trampolinanlagen__sprungtuch_1.jpg 600w, https:\/\/freizeit-technik.de\/wp-content\/uploads\/2025\/02\/trampolinanlagen__sprungtuch_1-300x300.jpg 300w, https:\/\/freizeit-technik.de\/wp-content\/uploads\/2025\/02\/trampolinanlagen__sprungtuch_1-150x150.jpg 150w, https:\/\/freizeit-technik.de\/wp-content\/uploads\/2025\/02\/trampolinanlagen__sprungtuch_1-324x324.jpg 324w, https:\/\/freizeit-technik.de\/wp-content\/uploads\/2025\/02\/trampolinanlagen__sprungtuch_1-416x416.jpg 416w, https:\/\/freizeit-technik.de\/wp-content\/uploads\/2025\/02\/trampolinanlagen__sprungtuch_1-100x100.jpg 100w\" sizes=\"auto, (max-width: 600px) 100vw, 600px\" \/><figcaption class=\"wp-element-caption\"><strong>Lonas para saltos em trampolins feitas \u00e0 medida<\/strong><\/figcaption><\/figure>\n<\/div><\/div>\n\n\n\n<div class=\"wp-block-column is-layout-flow wp-block-column-is-layout-flow\"><div class=\"wp-block-image\">\n<figure class=\"alignleft size-full\"><img loading=\"lazy\" decoding=\"async\" width=\"600\" height=\"600\" src=\"https:\/\/freizeit-technik.de\/wp-content\/uploads\/2025\/02\/trampolinanlagen__federn.jpg\" alt=\"\" class=\"wp-image-5396\" srcset=\"https:\/\/freizeit-technik.de\/wp-content\/uploads\/2025\/02\/trampolinanlagen__federn.jpg 600w, https:\/\/freizeit-technik.de\/wp-content\/uploads\/2025\/02\/trampolinanlagen__federn-300x300.jpg 300w, https:\/\/freizeit-technik.de\/wp-content\/uploads\/2025\/02\/trampolinanlagen__federn-150x150.jpg 150w, https:\/\/freizeit-technik.de\/wp-content\/uploads\/2025\/02\/trampolinanlagen__federn-324x324.jpg 324w, https:\/\/freizeit-technik.de\/wp-content\/uploads\/2025\/02\/trampolinanlagen__federn-416x416.jpg 416w, https:\/\/freizeit-technik.de\/wp-content\/uploads\/2025\/02\/trampolinanlagen__federn-100x100.jpg 100w\" sizes=\"auto, (max-width: 600px) 100vw, 600px\" \/><figcaption class=\"wp-element-caption\"> <strong>Molas de trampolim<\/strong><\/figcaption><\/figure>\n<\/div><\/div>\n\n\n\n<div class=\"wp-block-column is-layout-flow wp-block-column-is-layout-flow\"><div class=\"wp-block-image\">\n<figure class=\"alignleft size-full\"><img loading=\"lazy\" decoding=\"async\" width=\"600\" height=\"600\" src=\"https:\/\/freizeit-technik.de\/wp-content\/uploads\/2025\/02\/trampolinanlagen__cubes.jpg\" alt=\"Cubos Cubos de espuma&#10;\" class=\"wp-image-5394\" srcset=\"https:\/\/freizeit-technik.de\/wp-content\/uploads\/2025\/02\/trampolinanlagen__cubes.jpg 600w, https:\/\/freizeit-technik.de\/wp-content\/uploads\/2025\/02\/trampolinanlagen__cubes-300x300.jpg 300w, https:\/\/freizeit-technik.de\/wp-content\/uploads\/2025\/02\/trampolinanlagen__cubes-150x150.jpg 150w, https:\/\/freizeit-technik.de\/wp-content\/uploads\/2025\/02\/trampolinanlagen__cubes-324x324.jpg 324w, https:\/\/freizeit-technik.de\/wp-content\/uploads\/2025\/02\/trampolinanlagen__cubes-416x416.jpg 416w, https:\/\/freizeit-technik.de\/wp-content\/uploads\/2025\/02\/trampolinanlagen__cubes-100x100.jpg 100w\" sizes=\"auto, (max-width: 600px) 100vw, 600px\" \/><figcaption class=\"wp-element-caption\"><strong>Cubos<\/strong><\/figcaption><\/figure>\n<\/div><\/div>\n<\/div>\n\n<p><\/p>\n","protected":false},"excerpt":{"rendered":"<p>Fornecemos acess\u00f3rios e pe\u00e7as sobresselentes para todos os parques de trampolins e instala\u00e7\u00f5es de trampolins explorados comercialmente. O nosso ponto forte \u00e9 a produ\u00e7\u00e3o de placas de salto para trampolins personalizadas &#8211; numa grande variedade e precisamente adaptadas \u00e0 tua \u00e1rea de aplica\u00e7\u00e3o. S\u00e3o necess\u00e1rios apenas alguns esclarecimentos para que o teu novo tapete de [&hellip;]<\/p>\n","protected":false},"author":16,"featured_media":0,"parent":0,"menu_order":0,"comment_status":"closed","ping_status":"closed","template":"template-overview.php","meta":{"_acf_changed":false,"footnotes":""},"class_list":["post-10072","page","type-page","status-publish","hentry"],"acf":[],"_links":{"self":[{"href":"https:\/\/freizeit-technik.de\/pt-pt\/wp-json\/wp\/v2\/pages\/10072","targetHints":{"allow":["GET"]}}],"collection":[{"href":"https:\/\/freizeit-technik.de\/pt-pt\/wp-json\/wp\/v2\/pages"}],"about":[{"href":"https:\/\/freizeit-technik.de\/pt-pt\/wp-json\/wp\/v2\/types\/page"}],"author":[{"embeddable":true,"href":"https:\/\/freizeit-technik.de\/pt-pt\/wp-json\/wp\/v2\/users\/16"}],"replies":[{"embeddable":true,"href":"https:\/\/freizeit-technik.de\/pt-pt\/wp-json\/wp\/v2\/comments?post=10072"}],"version-history":[{"count":2,"href":"https:\/\/freizeit-technik.de\/pt-pt\/wp-json\/wp\/v2\/pages\/10072\/revisions"}],"predecessor-version":[{"id":10076,"href":"https:\/\/freizeit-technik.de\/pt-pt\/wp-json\/wp\/v2\/pages\/10072\/revisions\/10076"}],"wp:attachment":[{"href":"https:\/\/freizeit-technik.de\/pt-pt\/wp-json\/wp\/v2\/media?parent=10072"}],"curies":[{"name":"wp","href":"https:\/\/api.w.org\/{rel}","templated":true}]}}

Acessórios para parques de trampolins

<h3 class="wp-block-heading">Fornecemos acessórios e peças sobresselentes para todos os parques de trampolins e instalações de trampolins <br/>explorados comercialmente.</h3>

<p>O nosso ponto forte é a produção de <strong>placas de salto para trampolins personalizadas</strong> &#8211; numa grande variedade e precisamente adaptadas à tua área de aplicação.</p>

<p>São necessários apenas alguns esclarecimentos para que o teu novo <strong>tapete de saltos</strong> se adapte perfeitamente. <br/>Se estiveres interessado, contacta-nos <strong><a href="https://freizeit-technik.de/kontakt/" data-type="page" data-id="116">diretamente</a></strong>.</p>

<p>Também temos em stock uma vasta gama de <strong>molas</strong> robustas <strong>para trampolins</strong> numa grande variedade de tamanhos.</p>

<p>Os nossos <strong>cubos</strong> especiais, fabricados individualmente com uma qualidade excecional, são extremamente populares e garantem um prazer duradouro, poupando ao operador um esforço de limpeza considerável.  </p>

<p>Procura na nossa loja soluções universais e peças pequenas.  </p>

<p>Se não encontrares o que procuras, <strong><a href="https://freizeit-technik.de/kontakt/" data-type="page" data-id="116">por favor contacta-nos</a></strong>.</p>

<div class="wp-block-columns is-layout-flex wp-container-core-columns-is-layout-28f84493 wp-block-columns-is-layout-flex">
<div class="wp-block-column is-layout-flow wp-block-column-is-layout-flow"><div class="wp-block-image">
<figure class="alignleft size-full"><img loading="lazy" decoding="async" width="600" height="600" src="https://freizeit-technik.de/wp-content/uploads/2025/02/trampolinanlagen__sprungtuch_1.jpg" alt="Folhas de salto" class="wp-image-5398" srcset="https://freizeit-technik.de/wp-content/uploads/2025/02/trampolinanlagen__sprungtuch_1.jpg 600w, https://freizeit-technik.de/wp-content/uploads/2025/02/trampolinanlagen__sprungtuch_1-300x300.jpg 300w, https://freizeit-technik.de/wp-content/uploads/2025/02/trampolinanlagen__sprungtuch_1-150x150.jpg 150w, https://freizeit-technik.de/wp-content/uploads/2025/02/trampolinanlagen__sprungtuch_1-324x324.jpg 324w, https://freizeit-technik.de/wp-content/uploads/2025/02/trampolinanlagen__sprungtuch_1-416x416.jpg 416w, https://freizeit-technik.de/wp-content/uploads/2025/02/trampolinanlagen__sprungtuch_1-100x100.jpg 100w" sizes="auto, (max-width: 600px) 100vw, 600px" /><figcaption class="wp-element-caption"><strong>Lonas para saltos em trampolins feitas à medida</strong></figcaption></figure>
</div></div>



<div class="wp-block-column is-layout-flow wp-block-column-is-layout-flow"><div class="wp-block-image">
<figure class="alignleft size-full"><img loading="lazy" decoding="async" width="600" height="600" src="https://freizeit-technik.de/wp-content/uploads/2025/02/trampolinanlagen__federn.jpg" alt="" class="wp-image-5396" srcset="https://freizeit-technik.de/wp-content/uploads/2025/02/trampolinanlagen__federn.jpg 600w, https://freizeit-technik.de/wp-content/uploads/2025/02/trampolinanlagen__federn-300x300.jpg 300w, https://freizeit-technik.de/wp-content/uploads/2025/02/trampolinanlagen__federn-150x150.jpg 150w, https://freizeit-technik.de/wp-content/uploads/2025/02/trampolinanlagen__federn-324x324.jpg 324w, https://freizeit-technik.de/wp-content/uploads/2025/02/trampolinanlagen__federn-416x416.jpg 416w, https://freizeit-technik.de/wp-content/uploads/2025/02/trampolinanlagen__federn-100x100.jpg 100w" sizes="auto, (max-width: 600px) 100vw, 600px" /><figcaption class="wp-element-caption"> <strong>Molas de trampolim</strong></figcaption></figure>
</div></div>



<div class="wp-block-column is-layout-flow wp-block-column-is-layout-flow"><div class="wp-block-image">
<figure class="alignleft size-full"><img loading="lazy" decoding="async" width="600" height="600" src="https://freizeit-technik.de/wp-content/uploads/2025/02/trampolinanlagen__cubes.jpg" alt="Cubos Cubos de espuma&#10;" class="wp-image-5394" srcset="https://freizeit-technik.de/wp-content/uploads/2025/02/trampolinanlagen__cubes.jpg 600w, https://freizeit-technik.de/wp-content/uploads/2025/02/trampolinanlagen__cubes-300x300.jpg 300w, https://freizeit-technik.de/wp-content/uploads/2025/02/trampolinanlagen__cubes-150x150.jpg 150w, https://freizeit-technik.de/wp-content/uploads/2025/02/trampolinanlagen__cubes-324x324.jpg 324w, https://freizeit-technik.de/wp-content/uploads/2025/02/trampolinanlagen__cubes-416x416.jpg 416w, https://freizeit-technik.de/wp-content/uploads/2025/02/trampolinanlagen__cubes-100x100.jpg 100w" sizes="auto, (max-width: 600px) 100vw, 600px" /><figcaption class="wp-element-caption"><strong>Cubos</strong></figcaption></figure>
</div></div>
</div>

<p></p>

<p>Fornecemos acessórios e peças sobresselentes para todos os parques de trampolins e instalações de trampolins explorados comercialmente. O nosso ponto forte é a produção de placas de salto para trampolins personalizadas &#8211; numa grande variedade e precisamente adaptadas à tua área de aplicação. São necessários apenas alguns esclarecimentos para que o teu novo tapete de [&hellip;]</p>
