{"id":14190,"date":"2026-04-12T15:58:31","date_gmt":"2026-04-12T13:58:31","guid":{"rendered":"https:\/\/freizeit-technik.de\/shop\/redes-laterais-nao-trepantes-com-cordao-e-varas-de-fibra-de-vidro\/"},"modified":"2026-04-24T11:29:31","modified_gmt":"2026-04-24T09:29:31","slug":"redes-laterais-nao-trepantes-com-cordao-e-varas-de-fibra-de-vidro","status":"publish","type":"product","link":"https:\/\/freizeit-technik.de\/pt-pt\/shop\/redes-laterais-nao-trepantes-com-cordao-e-varas-de-fibra-de-vidro\/","title":{"rendered":"Redes laterais n\u00e3o trepantes com cord\u00e3o e varas de fibra de vidro"},"content":{"rendered":"<p><strong>Largura m\u00e1xima numa s\u00f3 pe\u00e7a: 300cm<br \/>\nLargura m\u00e1xima com junta de liga\u00e7\u00e3o: 600cm<br \/>\n<\/strong><strong>Comprimento m\u00e1ximo: 20m<br \/>\n<\/strong><strong>Aplica\u00e7\u00e3o: interior e exterior<br \/>\n<\/strong><strong>Cor: preto<br \/>\nMalhagem: malha fina<br \/>\n<\/strong><\/p>\n<p><img loading=\"lazy\" decoding=\"async\" class=\"size-full wp-image-682 alignleft\" src=\"https:\/\/freizeit-technik.de\/wp-content\/uploads\/2017\/03\/Q_deutschland-1.gif\" alt=\"\" width=\"64\" height=\"64\"><\/p>\n","protected":false},"excerpt":{"rendered":"<p>Redes laterais de trampolim prontas a usar, feitas de malha de PVC de malha fina que n\u00e3o pode ser trepada. Oferece uma apar\u00eancia atraente e uniforme.<br \/>\nEstas redes laterais s\u00e3o particularmente adequadas para \u00e1reas mais pequenas, com menos de 30 m\u00b2, e podem ser fabricadas num tamanho muito preciso.<br \/>\nTodos os bordos s\u00e3o dobrados e equipados com cord\u00f5es. S\u00e3o fornecidas varas de fibra de vidro para os cord\u00f5es.<br \/>\nEsta variante de fixa\u00e7\u00e3o \u00e9 a mais est\u00e1vel em combina\u00e7\u00e3o com um cord\u00e3o de liga\u00e7\u00e3o. Em determinadas condi\u00e7\u00f5es, tamb\u00e9m podem ser utilizadas bra\u00e7adeiras de cabos estreitas para a fixa\u00e7\u00e3o.   <\/p>\n<p>Dispon\u00edvel gratuitamente como prote\u00e7\u00e3o contra quedas para trampolins e plataformas instaladas at\u00e9 um m\u00e1ximo de 1,60 metros acima do n\u00edvel do solo. <\/p>\n<p>Fabricado \u00e0 medida na nossa pr\u00f3pria oficina de selaria em Estugarda.<\/p>\n<p><strong>Requisitos para as categorias de pre\u00e7os:<br \/>\n<\/strong><strong>Tamanho 1: At\u00e9 2m\u00b2<\/strong> + nenhum lado com menos de 90cm, por exemplo, at\u00e9 140 x 140cm<br \/>\n<strong>Tamanho 2: At\u00e9 4m\u00b2<\/strong> + nenhum lado com menos de 120cm, por exemplo, at\u00e9 200 x 200cm<br \/>\n<strong>Tamanho 3: At\u00e9 6m\u00b2<\/strong> + nenhum lado com menos de 150cm, por exemplo, at\u00e9 200 x 300cm<br \/>\n<strong>Tamanho 4:<\/strong> <strong>At\u00e9 8m\u00b2<\/strong> + nenhum lado com menos de 180cm, por exemplo, at\u00e9 250 x 320cm<br \/>\n<strong>Tamanho 5: At\u00e9 10m\u00b2<\/strong> + nenhum lado inferior a 220cm, por exemplo, at\u00e9 300 x 320cm<br \/>\n<strong>Tamanho 6: At\u00e9 12m\u00b2<\/strong> + nenhum lado com menos de 220cm, por exemplo, at\u00e9 300 x 400cm<br \/>\n<strong>Tamanho 7: At\u00e9 14m\u00b2<\/strong> + nenhum lado com menos de 220cm, por exemplo, at\u00e9 300 x 450cm<br \/>\n<strong>Tamanho 8: At\u00e9 16m\u00b2<\/strong> + nenhum lado inferior a 220cm, por exemplo, at\u00e9 300 x 520cm<br \/>\n<strong>Tamanho 9: At\u00e9 18m\u00b2<\/strong> + nenhum lado com menos de 220cm, por exemplo, at\u00e9 300 x 600cm<br \/>\n<strong>Tamanho 10: At\u00e9 20m\u00b2<\/strong> + nenhum lado com menos de 220cm, por exemplo, at\u00e9 300 x 650cm<br \/>\n<strong>Tamanho 11:<\/strong> <strong>At\u00e9 22m\u00b2<\/strong> + todos os lados com mais de 300cm, por exemplo, at\u00e9 400 x 550cm<br \/>\n<strong>Tamanho 12: At\u00e9 24m\u00b2<\/strong> + todos os lados com mais de 300cm, por exemplo, at\u00e9 400 x 600cm<br \/>\n<strong>Tamanho 13: At\u00e9 26m\u00b2<\/strong> + todos os lados com mais de 300cm, por exemplo, at\u00e9 460 x 560cm<br \/>\n<strong>Tamanho 14:<\/strong> <strong>At\u00e9 28m\u00b2<\/strong> + todos os lados com mais de 300cm, por exemplo, at\u00e9 525 x 525cm<br \/>\n<strong>Tamanho 15: At\u00e9 30m\u00b2<\/strong> + todos os lados com mais de 300cm, por exemplo, at\u00e9 500 x 600cm<\/p>\n<p>Quadrado ou retangular. Para outras formas (redondas, triangulares, octogonais, etc.) e redes laterais maiores ou mais estreitas, envia-nos um pedido de informa\u00e7\u00e3o separado.<\/p>\n<p><strong>Pre\u00e7os graduados para redes laterais id\u00eanticas:<\/strong> Se aumentares o n\u00famero de redes id\u00eanticas<br \/>\npara 2, 4, 6, 8 ou 10, o pre\u00e7o por unidade \u00e9 reduzido!<\/p>\n<p>Processo de encomenda:<br \/>\nPara produzir redes laterais personalizadas, consulta as encomendas anteriores ao fazeres a tua encomenda. Se ainda n\u00e3o tivermos registado a tua rede lateral com as dimens\u00f5es correspondentes, informa-nos no campo de coment\u00e1rios quando completares a tua encomenda. Se precisares de ajuda, contacta-nos. Teremos todo o gosto em ajudar-te a determinar as dimens\u00f5es corretas!   <\/p>\n<p>Prazo de entrega: normalmente 1-2 semanas.<\/p>\n","protected":false},"featured_media":9873,"comment_status":"open","ping_status":"closed","template":"","meta":{"_acf_changed":false},"product_brand":[],"product_cat":[260,261],"product_tag":[],"class_list":{"0":"post-14190","1":"product","2":"type-product","3":"status-publish","4":"has-post-thumbnail","6":"product_cat-acessorios-para-parques-infantis","7":"product_cat-redes-laterais-para-trampolins","9":"first","10":"instock","11":"taxable","12":"shipping-taxable","13":"product-type-variable"},"acf":[],"_links":{"self":[{"href":"https:\/\/freizeit-technik.de\/pt-pt\/wp-json\/wp\/v2\/product\/14190","targetHints":{"allow":["GET"]}}],"collection":[{"href":"https:\/\/freizeit-technik.de\/pt-pt\/wp-json\/wp\/v2\/product"}],"about":[{"href":"https:\/\/freizeit-technik.de\/pt-pt\/wp-json\/wp\/v2\/types\/product"}],"replies":[{"embeddable":true,"href":"https:\/\/freizeit-technik.de\/pt-pt\/wp-json\/wp\/v2\/comments?post=14190"}],"wp:featuredmedia":[{"embeddable":true,"href":"https:\/\/freizeit-technik.de\/pt-pt\/wp-json\/wp\/v2\/media\/9873"}],"wp:attachment":[{"href":"https:\/\/freizeit-technik.de\/pt-pt\/wp-json\/wp\/v2\/media?parent=14190"}],"wp:term":[{"taxonomy":"product_brand","embeddable":true,"href":"https:\/\/freizeit-technik.de\/pt-pt\/wp-json\/wp\/v2\/product_brand?post=14190"},{"taxonomy":"product_cat","embeddable":true,"href":"https:\/\/freizeit-technik.de\/pt-pt\/wp-json\/wp\/v2\/product_cat?post=14190"},{"taxonomy":"product_tag","embeddable":true,"href":"https:\/\/freizeit-technik.de\/pt-pt\/wp-json\/wp\/v2\/product_tag?post=14190"}],"curies":[{"name":"wp","href":"https:\/\/api.w.org\/{rel}","templated":true}]}}

Redes laterais não trepantes com cordão e varas de fibra de vidro

<p><strong>Largura máxima numa só peça: 300cm<br />
Largura máxima com junta de ligação: 600cm<br />
</strong><strong>Comprimento máximo: 20m<br />
</strong><strong>Aplicação: interior e exterior<br />
</strong><strong>Cor: preto<br />
Malhagem: malha fina<br />
</strong></p>
<p><img loading="lazy" decoding="async" class="size-full wp-image-682 alignleft" src="https://freizeit-technik.de/wp-content/uploads/2017/03/Q_deutschland-1.gif" alt="" width="64" height="64"></p>

<p>Redes laterais de trampolim prontas a usar, feitas de malha de PVC de malha fina que não pode ser trepada. Oferece uma aparência atraente e uniforme.<br />
Estas redes laterais são particularmente adequadas para áreas mais pequenas, com menos de 30 m², e podem ser fabricadas num tamanho muito preciso.<br />
Todos os bordos são dobrados e equipados com cordões. São fornecidas varas de fibra de vidro para os cordões.<br />
Esta variante de fixação é a mais estável em combinação com um cordão de ligação. Em determinadas condições, também podem ser utilizadas braçadeiras de cabos estreitas para a fixação.   </p>
<p>Disponível gratuitamente como proteção contra quedas para trampolins e plataformas instaladas até um máximo de 1,60 metros acima do nível do solo. </p>
<p>Fabricado à medida na nossa própria oficina de selaria em Estugarda.</p>
<p><strong>Requisitos para as categorias de preços:<br />
</strong><strong>Tamanho 1: Até 2m²</strong> + nenhum lado com menos de 90cm, por exemplo, até 140 x 140cm<br />
<strong>Tamanho 2: Até 4m²</strong> + nenhum lado com menos de 120cm, por exemplo, até 200 x 200cm<br />
<strong>Tamanho 3: Até 6m²</strong> + nenhum lado com menos de 150cm, por exemplo, até 200 x 300cm<br />
<strong>Tamanho 4:</strong> <strong>Até 8m²</strong> + nenhum lado com menos de 180cm, por exemplo, até 250 x 320cm<br />
<strong>Tamanho 5: Até 10m²</strong> + nenhum lado inferior a 220cm, por exemplo, até 300 x 320cm<br />
<strong>Tamanho 6: Até 12m²</strong> + nenhum lado com menos de 220cm, por exemplo, até 300 x 400cm<br />
<strong>Tamanho 7: Até 14m²</strong> + nenhum lado com menos de 220cm, por exemplo, até 300 x 450cm<br />
<strong>Tamanho 8: Até 16m²</strong> + nenhum lado inferior a 220cm, por exemplo, até 300 x 520cm<br />
<strong>Tamanho 9: Até 18m²</strong> + nenhum lado com menos de 220cm, por exemplo, até 300 x 600cm<br />
<strong>Tamanho 10: Até 20m²</strong> + nenhum lado com menos de 220cm, por exemplo, até 300 x 650cm<br />
<strong>Tamanho 11:</strong> <strong>Até 22m²</strong> + todos os lados com mais de 300cm, por exemplo, até 400 x 550cm<br />
<strong>Tamanho 12: Até 24m²</strong> + todos os lados com mais de 300cm, por exemplo, até 400 x 600cm<br />
<strong>Tamanho 13: Até 26m²</strong> + todos os lados com mais de 300cm, por exemplo, até 460 x 560cm<br />
<strong>Tamanho 14:</strong> <strong>Até 28m²</strong> + todos os lados com mais de 300cm, por exemplo, até 525 x 525cm<br />
<strong>Tamanho 15: Até 30m²</strong> + todos os lados com mais de 300cm, por exemplo, até 500 x 600cm</p>
<p>Quadrado ou retangular. Para outras formas (redondas, triangulares, octogonais, etc.) e redes laterais maiores ou mais estreitas, envia-nos um pedido de informação separado.</p>
<p><strong>Preços graduados para redes laterais idênticas:</strong> Se aumentares o número de redes idênticas<br />
para 2, 4, 6, 8 ou 10, o preço por unidade é reduzido!</p>
<p>Processo de encomenda:<br />
Para produzir redes laterais personalizadas, consulta as encomendas anteriores ao fazeres a tua encomenda. Se ainda não tivermos registado a tua rede lateral com as dimensões correspondentes, informa-nos no campo de comentários quando completares a tua encomenda. Se precisares de ajuda, contacta-nos. Teremos todo o gosto em ajudar-te a determinar as dimensões corretas!   </p>
<p>Prazo de entrega: normalmente 1-2 semanas.</p>
