{"id":14347,"date":"2017-07-26T15:35:31","date_gmt":"2017-07-26T13:35:31","guid":{"rendered":"https:\/\/freizeit-technik.de\/shop\/arnes-em-l-para-trampolim-tipo-1\/"},"modified":"2026-04-25T21:43:12","modified_gmt":"2026-04-25T19:43:12","slug":"arnes-em-l-para-trampolim-tipo-1","status":"publish","type":"product","link":"https:\/\/freizeit-technik.de\/pt-pt\/shop\/arnes-em-l-para-trampolim-tipo-1\/","title":{"rendered":"Arn\u00eas em L para trampolim tipo 1"},"content":{"rendered":"<p><span class=\"tx-ttproducts-pi1-wrap2\"><strong>  1,40 kg<br \/>\nCor: vermelho<br \/>\nEnsaios de carga de rutura: em conformidade com a norma DIN EN 813<\/strong><\/span><\/p>\n","protected":false},"excerpt":{"rendered":"<p class=\"bodytext\">O nosso arn\u00eas de trampolim de el\u00e1stico de tipo 1 atual foi continuamente desenvolvido ao longo dos anos e goza de um elevado n\u00edvel de satisfa\u00e7\u00e3o dos clientes.<br \/>\nPerfeitamente acolchoado e com um amplo apoio para as pernas, oferece o m\u00e1ximo conforto.<br \/>\nOs arneses de trampolim de el\u00e1stico de tipo 1 t\u00eam sec\u00e7\u00f5es de pernas separadas e pontos de fixa\u00e7\u00e3o posicionados uns sobre os outros.<br \/>\nSe escolheres os pontos de fixa\u00e7\u00e3o superiores para prender as cordas el\u00e1sticas, evitas ou dificultas a realiza\u00e7\u00e3o de cambalhotas.<br \/>\nSe escolheres os pontos de fixa\u00e7\u00e3o inferiores, facilitas a realiza\u00e7\u00e3o de cambalhotas devido ao ponto de articula\u00e7\u00e3o inferior.<\/p>\n","protected":false},"featured_media":14349,"comment_status":"open","ping_status":"closed","template":"","meta":{"_acf_changed":false},"product_brand":[],"product_cat":[271,221],"product_tag":[],"class_list":{"0":"post-14347","1":"product","2":"type-product","3":"status-publish","4":"has-post-thumbnail","6":"product_cat-arnes-de-salto","7":"product_cat-instalacoes-de-trampolins-de-bungee","9":"first","10":"instock","11":"taxable","12":"shipping-taxable","13":"product-type-simple"},"acf":[],"_links":{"self":[{"href":"https:\/\/freizeit-technik.de\/pt-pt\/wp-json\/wp\/v2\/product\/14347","targetHints":{"allow":["GET"]}}],"collection":[{"href":"https:\/\/freizeit-technik.de\/pt-pt\/wp-json\/wp\/v2\/product"}],"about":[{"href":"https:\/\/freizeit-technik.de\/pt-pt\/wp-json\/wp\/v2\/types\/product"}],"replies":[{"embeddable":true,"href":"https:\/\/freizeit-technik.de\/pt-pt\/wp-json\/wp\/v2\/comments?post=14347"}],"wp:featuredmedia":[{"embeddable":true,"href":"https:\/\/freizeit-technik.de\/pt-pt\/wp-json\/wp\/v2\/media\/14349"}],"wp:attachment":[{"href":"https:\/\/freizeit-technik.de\/pt-pt\/wp-json\/wp\/v2\/media?parent=14347"}],"wp:term":[{"taxonomy":"product_brand","embeddable":true,"href":"https:\/\/freizeit-technik.de\/pt-pt\/wp-json\/wp\/v2\/product_brand?post=14347"},{"taxonomy":"product_cat","embeddable":true,"href":"https:\/\/freizeit-technik.de\/pt-pt\/wp-json\/wp\/v2\/product_cat?post=14347"},{"taxonomy":"product_tag","embeddable":true,"href":"https:\/\/freizeit-technik.de\/pt-pt\/wp-json\/wp\/v2\/product_tag?post=14347"}],"curies":[{"name":"wp","href":"https:\/\/api.w.org\/{rel}","templated":true}]}}

Arnês em L para trampolim tipo 1

<p class="bodytext">O nosso arnês de trampolim de elástico de tipo 1 atual foi continuamente desenvolvido ao longo dos anos e goza de um elevado nível de satisfação dos clientes.<br />
Perfeitamente acolchoado e com um amplo apoio para as pernas, oferece o máximo conforto.<br />
Os arneses de trampolim de elástico de tipo 1 têm secções de pernas separadas e pontos de fixação posicionados uns sobre os outros.<br />
Se escolheres os pontos de fixação superiores para prender as cordas elásticas, evitas ou dificultas a realização de cambalhotas.<br />
Se escolheres os pontos de fixação inferiores, facilitas a realização de cambalhotas devido ao ponto de articulação inferior.</p>
