{"id":14405,"date":"2017-07-10T15:18:47","date_gmt":"2017-07-10T13:18:47","guid":{"rendered":"https:\/\/freizeit-technik.de\/shop\/arnes-de-trampolim-com-elastico-tipo-2-m\/"},"modified":"2026-04-25T22:18:51","modified_gmt":"2026-04-25T20:18:51","slug":"arnes-de-trampolim-com-elastico-tipo-2-m","status":"publish","type":"product","link":"https:\/\/freizeit-technik.de\/pt-pt\/shop\/arnes-de-trampolim-com-elastico-tipo-2-m\/","title":{"rendered":"Arn\u00eas de trampolim com el\u00e1stico tipo 2 M"},"content":{"rendered":"<p><strong>Ensaios de carga de rutura: em conformidade com a norma DIN EN 813<\/strong><\/p>\n","protected":false},"excerpt":{"rendered":"<p>Os arneses de saltos de trampolim com el\u00e1stico do tipo 2 s\u00e3o fabricados com os mesmos materiais que os nossos arneses de saltos do tipo 1.<br \/>\nNo entanto, as sec\u00e7\u00f5es das pernas est\u00e3o ligadas entre si e os pontos de fixa\u00e7\u00e3o est\u00e3o sempre posicionados baixos e paralelos (n\u00e3o em cima uns dos outros).<br \/>\nIsto facilita a realiza\u00e7\u00e3o de cambalhotas devido a um ponto de rota\u00e7\u00e3o baixo, por um lado, e a um bom ajuste de tamanho ao saltador, por outro.<br \/>\nOs arneses de saltos do tipo 2 s\u00e3o ligeiramente mais pequenos do que os arneses de saltos do tipo 1.<\/p>\n","protected":false},"featured_media":14408,"comment_status":"open","ping_status":"closed","template":"","meta":{"_acf_changed":false},"product_brand":[],"product_cat":[271,221],"product_tag":[],"class_list":{"0":"post-14405","1":"product","2":"type-product","3":"status-publish","4":"has-post-thumbnail","6":"product_cat-arnes-de-salto","7":"product_cat-instalacoes-de-trampolins-de-bungee","9":"first","10":"instock","11":"taxable","12":"shipping-taxable","13":"product-type-simple"},"acf":[],"_links":{"self":[{"href":"https:\/\/freizeit-technik.de\/pt-pt\/wp-json\/wp\/v2\/product\/14405","targetHints":{"allow":["GET"]}}],"collection":[{"href":"https:\/\/freizeit-technik.de\/pt-pt\/wp-json\/wp\/v2\/product"}],"about":[{"href":"https:\/\/freizeit-technik.de\/pt-pt\/wp-json\/wp\/v2\/types\/product"}],"replies":[{"embeddable":true,"href":"https:\/\/freizeit-technik.de\/pt-pt\/wp-json\/wp\/v2\/comments?post=14405"}],"wp:featuredmedia":[{"embeddable":true,"href":"https:\/\/freizeit-technik.de\/pt-pt\/wp-json\/wp\/v2\/media\/14408"}],"wp:attachment":[{"href":"https:\/\/freizeit-technik.de\/pt-pt\/wp-json\/wp\/v2\/media?parent=14405"}],"wp:term":[{"taxonomy":"product_brand","embeddable":true,"href":"https:\/\/freizeit-technik.de\/pt-pt\/wp-json\/wp\/v2\/product_brand?post=14405"},{"taxonomy":"product_cat","embeddable":true,"href":"https:\/\/freizeit-technik.de\/pt-pt\/wp-json\/wp\/v2\/product_cat?post=14405"},{"taxonomy":"product_tag","embeddable":true,"href":"https:\/\/freizeit-technik.de\/pt-pt\/wp-json\/wp\/v2\/product_tag?post=14405"}],"curies":[{"name":"wp","href":"https:\/\/api.w.org\/{rel}","templated":true}]}}

Arnês de trampolim com elástico tipo 2 M

<p>Os arneses de saltos de trampolim com elástico do tipo 2 são fabricados com os mesmos materiais que os nossos arneses de saltos do tipo 1.<br />
No entanto, as secções das pernas estão ligadas entre si e os pontos de fixação estão sempre posicionados baixos e paralelos (não em cima uns dos outros).<br />
Isto facilita a realização de cambalhotas devido a um ponto de rotação baixo, por um lado, e a um bom ajuste de tamanho ao saltador, por outro.<br />
Os arneses de saltos do tipo 2 são ligeiramente mais pequenos do que os arneses de saltos do tipo 1.</p>
