{"id":14447,"date":"2012-05-04T13:37:32","date_gmt":"2012-05-04T11:37:32","guid":{"rendered":"https:\/\/freizeit-technik.de\/shop\/tipo-3-arnes-de-trampolim-com-elastico-l\/"},"modified":"2026-04-25T22:19:21","modified_gmt":"2026-04-25T20:19:21","slug":"tipo-3-arnes-de-trampolim-com-elastico-l","status":"publish","type":"product","link":"https:\/\/freizeit-technik.de\/pt-pt\/shop\/tipo-3-arnes-de-trampolim-com-elastico-l\/","title":{"rendered":"Tipo 3 Arn\u00eas de trampolim com el\u00e1stico L"},"content":{"rendered":"<p><strong>Ensaios de carga de rutura: em conformidade com a norma DIN EN 813<\/strong><\/p>\n","protected":false},"excerpt":{"rendered":"<p>Os arneses de saltos de trampolim com el\u00e1stico do tipo 3 t\u00eam o mesmo design que os do tipo 2, mas s\u00e3o feitos de materiais diferentes e t\u00eam uma forma de almofada ligeiramente diferente.<br \/>\nAs sec\u00e7\u00f5es das pernas est\u00e3o ligadas entre si, os pontos de fixa\u00e7\u00e3o s\u00e3o profundos e paralelos.<br \/>\nOs tamanhos dos arneses de saltos do tipo 3 s\u00e3o iguais aos do tipo 1.<\/p>\n","protected":false},"featured_media":14449,"comment_status":"open","ping_status":"closed","template":"","meta":{"_acf_changed":false},"product_brand":[],"product_cat":[271,274],"product_tag":[],"class_list":{"0":"post-14447","1":"product","2":"type-product","3":"status-publish","4":"has-post-thumbnail","6":"product_cat-arnes-de-salto","7":"product_cat-nao-categorizado","9":"first","10":"instock","11":"taxable","12":"shipping-taxable","13":"product-type-simple"},"acf":[],"_links":{"self":[{"href":"https:\/\/freizeit-technik.de\/pt-pt\/wp-json\/wp\/v2\/product\/14447","targetHints":{"allow":["GET"]}}],"collection":[{"href":"https:\/\/freizeit-technik.de\/pt-pt\/wp-json\/wp\/v2\/product"}],"about":[{"href":"https:\/\/freizeit-technik.de\/pt-pt\/wp-json\/wp\/v2\/types\/product"}],"replies":[{"embeddable":true,"href":"https:\/\/freizeit-technik.de\/pt-pt\/wp-json\/wp\/v2\/comments?post=14447"}],"wp:featuredmedia":[{"embeddable":true,"href":"https:\/\/freizeit-technik.de\/pt-pt\/wp-json\/wp\/v2\/media\/14449"}],"wp:attachment":[{"href":"https:\/\/freizeit-technik.de\/pt-pt\/wp-json\/wp\/v2\/media?parent=14447"}],"wp:term":[{"taxonomy":"product_brand","embeddable":true,"href":"https:\/\/freizeit-technik.de\/pt-pt\/wp-json\/wp\/v2\/product_brand?post=14447"},{"taxonomy":"product_cat","embeddable":true,"href":"https:\/\/freizeit-technik.de\/pt-pt\/wp-json\/wp\/v2\/product_cat?post=14447"},{"taxonomy":"product_tag","embeddable":true,"href":"https:\/\/freizeit-technik.de\/pt-pt\/wp-json\/wp\/v2\/product_tag?post=14447"}],"curies":[{"name":"wp","href":"https:\/\/api.w.org\/{rel}","templated":true}]}}

Tipo 3 Arnês de trampolim com elástico L

<p>Os arneses de saltos de trampolim com elástico do tipo 3 têm o mesmo design que os do tipo 2, mas são feitos de materiais diferentes e têm uma forma de almofada ligeiramente diferente.<br />
As secções das pernas estão ligadas entre si, os pontos de fixação são profundos e paralelos.<br />
Os tamanhos dos arneses de saltos do tipo 3 são iguais aos do tipo 1.</p>
